s 1228676831 a multiple of 34?
False
Is 22833230 a multiple of 917?
False
Is 44231232 a multiple of 12?
True
Does 468 divide 34754616?
True
Is 575 a factor of 2768846375?
True
Is 1360389225 a multiple of 3028?
False
Is 5 a factor of 768712486?
False
Is 3090 a factor of 1965002070?
True
Is 258 a factor of 566239833?
False
Is 3785311 a multiple of 411?
False
Does 511 divide 93238593?
True
Is 418262896 a multiple of 664?
True
Is 541 a factor of 1034189125?
True
Is 588 a factor of 2604463?
False
Does 1881 divide 1409869692?
True
Does 1071 divide 239709873?
False
Is 50 a factor of 182411750?
True
Is 15933324 a multiple of 66?
True
Is 5764819 a multiple of 185?
False
Does 379 divide 27576419?
True
Does 874 divide 19422431?
False
Does 161 divide 1032661897?
False
Is 583145652 a multiple of 4620?
False
Is 1078 a factor of 6507756640?
True
Is 37199550 a multiple of 50?
True
Is 32031360 a multiple of 12?
True
Is 41 a factor of 34582921?
False
Is 4455305254 a multiple of 14?
False
Is 3579 a factor of 812483106?
True
Does 4168 divide 1510398597?
False
Is 58 a factor of 11748369?
False
Is 193 a factor of 24872853?
False
Is 6417513 a multiple of 7?
False
Is 1590 a factor of 1752587040?
True
Is 38205110 a multiple of 10?
True
Does 328 divide 149099761?
False
Is 19 a factor of 71310135?
True
Is 3686102 a multiple of 23?
False
Is 206 a factor of 161265246?
True
Does 470 divide 2276756175?
False
Does 261 divide 4406625?
False
Is 167629831 a multiple of 30?
False
Does 32 divide 3130080?
True
Is 93 a factor of 278210058?
True
Is 26278340 even?
True
Is 349759519 a multiple of 70?
False
Is 37 a factor of 724369683?
True
Is 240974800 a multiple of 550?
True
Is 13212 a factor of 631797840?
True
Is 91263590 a multiple of 1676?
False
Is 6676299 a multiple of 7?
True
Does 457 divide 1077572639?
True
Is 28431588 a multiple of 1426?
True
Is 4587806 even?
True
Is 17583120 a multiple of 58?
False
Is 32 a factor of 266017472?
True
Does 170 divide 268464000?
True
Is 152 a factor of 212490224?
True
Is 508 a factor of 15445149?
False
Does 864 divide 329819842?
False
Does 2350 divide 1124205443?
False
Is 86528470 a multiple of 14?
True
Is 7611421 a multiple of 640?
False
Does 705 divide 205996065?
True
Does 86 divide 10780186?
True
Is 69 a factor of 780631776?
True
Does 122 divide 27779538?
False
Is 2171 a factor of 28770092?
True
Is 54514718 a multiple of 1713?
False
Does 2 divide 124726142?
True
Does 87 divide 321090841?
False
Is 96 a factor of 1050314348?
False
Is 1220 a factor of 93111620?
True
Does 677 divide 10894284?
True
Is 97 a factor of 307064849?
True
Is 1128 a factor of 73543344?
True
Is 10880512 a multiple of 319?
False
Is 48124468 a multiple of 28?
True
Is 222438 a multiple of 3?
True
Does 237 divide 199751628?
False
Is 23 a factor of 380545475?
False
Is 3451 a factor of 1907993715?
False
Does 730 divide 38791052?
False
Is 3 a factor of 179519461?
False
Is 258 a factor of 127568964?
False
Is 8796254 a multiple of 6?
False
Is 390001157 a multiple of 91?
True
Is 4101581 a multiple of 1700?
False
Does 2504 divide 49288017?
False
Is 2064086600 a multiple of 20?
True
Does 11 divide 8099248?
False
Is 212 a factor of 137389992?
True
Is 327027472 a multiple of 671?
False
Is 91 a factor of 22593662?
True
Does 59 divide 22792585?
True
Is 124 a factor of 530890624?
True
Is 24 a factor of 99112872?
True
Does 168 divide 336631782?
False
Is 8961892 a multiple of 52?
False
Is 19 a factor of 647033725?
False
Is 1111 a factor of 15727316?
True
Is 153064732 a multiple of 62?
True
Is 1319 a factor of 2591694266?
False
Is 160 a factor of 2066065876?
False
Does 500 divide 52413000?
True
Does 92 divide 42425409?
False
Is 2781 a factor of 295703730?
True
Is 630405804 a multiple of 12374?
True
Does 100 divide 71761048?
False
Is 210559908 a multiple of 156?
True
Is 8767968 a multiple of 352?
True
Is 24 a factor of 268748496?
True
Does 601 divide 5055612?
True
Is 298521408 a multiple of 8?
True
Does 136 divide 51104?
False
Does 193 divide 1100993795?
False
Is 35 a factor of 28536165?
True
Is 50447832 a multiple of 2?
True
Is 3353934 a multiple of 687?
True
Does 51 divide 25853277?
True
Is 5 a factor of 12268071?
False
Is 8 a factor of 1273331?
False
Is 22 a factor of 4707091356?
True
Is 31769375 a multiple of 3241?
False
Does 630 divide 1987268850?
True
Is 679 a factor of 152988206?
True
Is 357 a factor of 21672042?
True
Is 70150561 a multiple of 13?
True
Does 213 divide 9952851?
True
Does 56 divide 1453896383?
False
Does 13 divide 4595682?
True
Is 863534202 a multiple of 11?
False
Is 597526410 a multiple of 1747?
True
Does 924 divide 664968056?
False
Is 178567453 a multiple of 499?
False
Is 75 a factor of 2233171448?
False
Does 1015 divide 123791430?
True
Is 3521 a factor of 1466609394?
False
Is 53189687 a multiple of 25?
False
Does 29 divide 43491416?
True
Is 159063450 a multiple of 1075?
True
Is 1871 a factor of 1677944452?
False
Is 229 a factor of 1929797885?
True
Is 191 a factor of 2163201454?
False
Is 1954 a factor of 44617790?
False
Is 305147860 a multiple of 20?
True
Is 2230 a factor of 10610340?
True
Is 780116946 a multiple of 81?
False
Is 12047 a factor of 109606395?
False
Is 67 a factor of 6136586816?
True
Is 3044856841 a multiple of 5463?
False
Is 292709720 a multiple of 305?
True
Is 831 a factor of 5228449?
False
Is 7 a factor of 1821043?
True
Is 17415430 a multiple of 86?
True
Does 8 divide 161904968?
True
Is 248355117 a multiple of 2?
False
Is 14 a factor of 233124486?
True
Is 393 a factor of 20026101?
True
Does 102 divide 537554994?
True
Does 119 divide 51845206?
True
Is 138 a factor of 547014171?
False
Does 19 divide 40031789?
False
Is 86874229 a multiple of 1834?
False
Does 1405 divide 36538430?
True
Is 526400527 a multiple of 6346?
False
Is 795 a factor of 301564170?
True
Is 36 a factor of 70397136?
True
Is 1418159805 a multiple of 85?
True
Is 80 a factor of 28355120?
True
Does 42 divide 90712193?
False
Does 351 divide 192069121?
False
Does 18 divide 1576963601?
False
Does 54 divide 7801717716?
True
Does 9 divide 41322933?
True
Does 1208 divide 613963584?
True
Is 34 a factor of 10248069?
False
Is 77483448 a multiple of 168?
True
Does 33 divide 5595348?
True
Is 643914 a multiple of 35?
False
Does 3 divide 1921097?
False
Is 534880644 a multiple of 21?
False
Is 12 a factor of 223631625?
False
Is 73 a factor of 40108755?
True
Is 36638841 a multiple of 1633?
False
Is 490 a factor of 9057160?
True
Is 2005702227 a multiple of 81?
False
Is 31187860 a multiple of 55?
True
Does 4 divide 164738516?
True
Is 37 a factor of 13744390?
True
Is 3 a factor of 261006621?
True
Is 248989752 a multiple of 2084?
False
Is 2 a factor of 5390798?
True
Is 2950 a factor of 135095742?
False
Is 26923715 a multiple of 35?
True
Is 62 a factor of 216688202?
True
Does 57 divide 35208361?
False
Is 736319592 a multiple of 12?
True
Is 83 a factor of 2007839?
False
Does 1992 divide 563817672?
True
Is 219315168 a multiple of 144?
True
Is 9 a factor of 67996977?
False
Does 182 divide 32099340?
True
Is 861967981 a multiple of 22?
False
Does 154 divide 808438274?
False
Does 512 divide 50444397?
False
Does 76 divide 5755100?
True
Is 59295040 a multiple of 514?
True
Is 239 a factor of 2566464669?
False
Does 7 divide 3638362?
True
Is 553956627 a multiple of 4411?
False
Is 8 a factor of 328870051?
False
Is 79 a factor of 75886768?
True
Is 950947378 a multiple of 178?
True
Is 23 a factor of 9591805?
True
Does 14 divide 6295558901?
False
Is 561057341 a multiple of 419?
True
Is 3877875455 a multiple of 4717?
False
Does 57 divide 8326788?
True
Is 38201612 a multiple of 37?
True
Does 47 divide 1564969457?
False
Does 257 divide 254737629?
True
Is 353 a factor of 8899363?
False
Does 1836 divide 12091763?
False
Is 836708832 a multiple of 18?
True
Does 6 divide 15169885?
False
Is 542 a factor of 5592253?
False
Is 33187819 even?
False
Is 3551455 a multiple of 395?
False
Does 1398 divide 86148954?
True
Is 18 a factor of 18148590?
True
Is 35 a factor of 97389729?
False
Does 56 divide 129527832?
True
Is 21371387 a multiple of 21?
False
Is 14307354 a multiple of 81?
True
Is 1049706174 a multiple of 279?
False
Is 137123700 a multiple of 34?
True
Is 1461980382 a multiple of 1336?
False
Is 129 a factor of 29671548?
True
Is 19 a 